014477?
0
What is the units digit of 237804263?
3
What is the hundreds digit of 328976447?
4
What is the hundred thousands digit of 786591583?
5
What is the millions digit of 47701198?
7
What is the millions digit of 2080393957?
0
What is the units digit of 282719645?
5
What is the tens digit of 32421361?
6
What is the tens digit of 433040582?
8
What is the millions digit of 1399543760?
9
What is the tens digit of 46344766?
6
What is the millions digit of 228567184?
8
What is the ten thousands digit of 1519693084?
9
What is the thousands digit of 935592?
5
What is the hundred thousands digit of 268390986?
3
What is the hundred millions digit of 1170649130?
1
What is the ten thousands digit of 53827007?
2
What is the hundreds digit of 1780649500?
5
What is the ten millions digit of 370437737?
7
What is the hundred thousands digit of 208053000?
0
What is the tens digit of 4622511676?
7
What is the millions digit of 7262959822?
2
What is the units digit of 203685973?
3
What is the ten thousands digit of 30319623?
1
What is the ten thousands digit of 27673365?
7
What is the hundred millions digit of 340100829?
3
What is the tens digit of 36250191?
9
What is the thousands digit of 174277100?
7
What is the thousands digit of 6430238?
0
What is the tens digit of 5087195202?
0
What is the tens digit of 1236869331?
3
What is the hundreds digit of 13663614?
6
What is the ten millions digit of 22901999?
2
What is the hundred millions digit of 154987057?
1
What is the thousands digit of 3253268252?
8
What is the hundreds digit of 2598513111?
1
What is the units digit of 469840075?
5
What is the millions digit of 70953866?
0
What is the thousands digit of 3611219288?
9
What is the hundred thousands digit of 67316972?
3
What is the thousands digit of 61493976?
3
What is the thousands digit of 86210388?
0
What is the tens digit of 116506507?
0
What is the billions digit of 6012836062?
6
What is the ten thousands digit of 543922930?
2
What is the billions digit of 2438032486?
2
What is the billions digit of 3998038307?
3
What is the hundreds digit of 60782111?
1
What is the ten thousands digit of 421641457?
4
What is the units digit of 7680815?
5
What is the hundreds digit of 201168390?
3
What is the millions digit of 594411240?
4
What is the hundred thousands digit of 58962412?
9
What is the ten millions digit of 1867885569?
6
What is the hundred thousands digit of 31617955?
6
What is the tens digit of 262752876?
7
What is the ten millions digit of 2399367034?
9
What is the ten millions digit of 40631080?
4
What is the thousands digit of 115692852?
2
What is the millions digit of 12056775?
2
What is the thousands digit of 128976012?
6
What is the ten thousands digit of 44935859?
3
What is the tens digit of 2725109098?
9
What is the millions digit of 16105523?
6
What is the tens digit of 71664169?
6
What is the ten millions digit of 33215416?
3
What is the ten millions digit of 12648414?
1
What is the thousands digit of 2101823573?
3
What is the thousands digit of 132934528?
4
What is the tens digit of 6200394324?
2
What is the ten thousands digit of 114147595?
4
What is the hundreds digit of 37136224?
2
What is the ten thousands digit of 7558740?
5
What is the billions digit of 1146718132?
1
What is the millions digit of 316626850?
6
What is the tens digit of 25008899?
9
What is the ten millions digit of 38968722?
3
What is the hundreds digit of 1217875140?
1
What is the hundreds digit of 6289388?
3
What is the hundreds digit of 303957755?
7
What is the units digit of 473729024?
4
What is the ten thousands digit of 2393954775?
5
What is the thousands digit of 336102932?
2
What is the ten thousands digit of 10444473?
4
What is the tens digit of 734930904?
0
What is the hundred thousands digit of 701868019?
8
What is the ten thousands digit of 84424959?
2
What is the millions digit of 993638763?
3
What is the hundred thousands digit of 60067963?
0
What is the hundreds digit of 26949878?
8
What is the thousands digit of 1916286232?
6
What is the billions digit of 1490481725?
1
What is the units digit of 385753788?
8
What is the millions digit of 103999850?
3
What is the billions digit of 6288911528?
6
What is the thousands digit of 4454903?
4
What is the units digit of 45446897?
7
What is the ten thousands digit of 167632763?
3
What is the hundreds digit of 51598774?
7
What is the hundred millions digit of 810612432?
8
What is the thousands digit of 22335192?
5
What is the millions digit of 909544538?
9
What is the millions digit of 61093934?
1
What is the thousands digit of 1092301510?
1
What is the ten thousands digit of 15453100?
5
What is the hundred millions digit of 866477858?
8
What is the millions digit of 971218136?
1
What is the millions digit of 1664177973?
4
What is the hundreds digit of 12217565?
5
What is the ten millions digit of 21485829?
2
What is the hundreds digit of 434486628?
6
What is the tens digit of 8846465698?
9
What is the ten thousands digit of 3421834038?
3
What is the tens digit of 2421904114?
1
What is the ten thousands digit of 4164675905?
7
What is the hundred millions digit of 502499723?
5
What is the thousands digit of 268930225?
0
What is the thousands digit of 509810058?
0
What is the hundred millions digit of 558656280?
5
What is the millions digit of 4033902290?
3
What is the hundred thousands digit of 213120425?
1
What is the ten thousands digit of 963178654?
7
What is the units digit of 2861124894?
4
What is the units digit of 155429754?
4
What is the ten thousands digit of 9556757?
5
What is the millions digit of 778852772?
8
What is the ten thousands digit of 2393894279?
9
What is the units digit of 989118912?
2
What is the hundred thousands digit of 309459016?
4
What is the tens digit of 3528686?
8
What is the hundreds digit of 42528541?
5
What is the hundred millions digit of 723248595?
7
What is the millions digit of 365969249?
5
What is the hundreds digit of 1866657844?
8
What is the ten millions digit of 2048332998?
4
What is the hundreds digit of 231609351?
3
What is the hundreds digit of 283592652?
6
What is the ten thousands digit of 759113204?
1
What is the hundreds digit of 737199461?
4
What is the units digit of 783371768?
8
What is the millions digit of 816218191?
6
What is the hundreds digit of 30451855?
8
What is the units digit of 5951440225?
5
What is the ten millions digit of 2537520690?
3
What is the units digit of 625380789?
9
What is the hundred millions digit of 199640661?
1
What is the ten thousands digit of 102221901?
2
What is the tens digit of 268716487?
8
What is the hundreds digit of 82392975?
9
What is the ten millions digit of 183190472?
8
What is the units digit of 429710473?
3
What is the hundreds digit of 59600009?
0
What is the thousands digit of 85586487?
6
What is the billions digit of 1400668927?
1
What is the millions digit of 45286245?
5
What is the ten millions digit of 1876595481?
7
What is the millions digit of 108074283?
8
What is the hundreds digit of 346568988?
9
What is the hundreds digit of 164886832?
8
What is the millions digit of 161374943?
1
What is the units digit of 36667760?
0
What is the hundred millions digit of 385824880?
3
What is the tens digit of 148136549?
4
What is the ten thousands digit of 1735291183?
9
What is the millions digit of 86164601?
6
What is the thousands digit of 5111126054?
6
What is the units digit of 62061020?
0
What is the ten thousands digit of 4415506016?
0
What is the ten thousands digit of 511357042?
5
What is the ten millions digit of 797677488?
9
What is the thousands digit of 1224925892?
5
What is the millions digit of 2691923810?
1
What is the hundred thousands digit of 157905839?
9
What is the hundreds digit of 252669908?
9
What is the hundreds digit of 977271721?
7
What is the millions digit of 559911150?
9
What is the tens digit of 13784405?
0
What is the ten millions digit of 2455059721?
5
What is the hundreds digit of 30994098?
0
What is the ten millions digit of 15509028?
1
What is the ten thousands digit of 1261900129?
0
What is the hundreds digit of 6937219126?
1
What is the thousands digit of 98376111?
6
What is the billions digit of 1496330876?
1
What is the units digit of 1301694800?
0
What is the ten thousands digit 